ive h(o).
2
Let o(x) = 2*x + 0*x - 4 + x - x**2. Let r(w) = -10*w**2 - 9*w + 4. Let v(b) = -12*b**2 - 8*b + 3. Let t(j) = 7*r(j) - 6*v(j). Let c be t(7). What is o(c)?
-4
Let c = -82 - -86. Suppose 2*r = -4*z - 20, 0 = 4*z - c*r + 9 - 1. Let s(u) = 0*u**2 + 3*u**3 + 4*u - 4*u**3 - 3*u**2. What is s(z)?
0
Let f be ((-2)/3)/(125/(-15) - -8). Let g(v) = 24 - v**3 + 26 - 28 + v**2 - f*v**2 + v. Give g(0).
22
Suppose 2*f + h = -1, 8 = -3*f + 2*f - 2*h. Let o(j) = -j + 26 - 51 + 12 - 5*j**2 + 6*j**f. Give o(0).
-13
Let x(t) = t**3 + 3*t**2 - 3*t + 2. Let u(o) be the third derivative of -o**4/3 + 293*o**3/6 - 238*o**2. Let y be u(37). What is x(y)?
11
Let f(s) = 59*s**2 + s. Suppose 44 - 3 = 41*z. Determine f(z).
60
Let k(f) = 2*f**3 - 21*f**2 - 3*f + 17. Let r(l) = -l**3 + 11*l**2 + 2*l - 9. Let t(o) = -6*k(o) - 11*r(o). Suppose 145 = 11*b + 101. Calculate t(b).
-3
Let v = 19 - 16. Suppose 4 + 8 = -v*l. Let o(n) = -4*n**2 + 5*n**2 - 3*n - 11*n + 5 + 21*n - 2*n. Give o(l).
1
Let j be ((-57)/(-95))/(2/30) + -4. Let h(a) = -a - 33. Let c(o) = -o - 36. Let d(m) = j*h(m) - 4*c(m). Give d(-16).
-5
Let r be 6 - ((7 - 3) + 80). Suppose 0*v - 2*v = -144. Let o = r + v. Let y(i) = -i**2 - 4*i + 4. Determine y(o).
-8
Let x(r) = -2*r + 10. Let j(n) = -3*n + 8. Let u(m) = -3*j(m) + 5*x(m). What is u(13)?
13
Let a(x) = -1 + 98*x - 207*x + 103*x + 2. Let y(p) be the first derivative of p**2/2 + 8*p - 7. Let v be y(-9). Give a(v).
7
Suppose 5*b - 30 = 5*i, b + 2*i = -i - 2. Suppose -8*m + 12 - b = 0. Let t(o) = -3*o + 3. Let p(r) = -r + 1. Let x(d) = -8*p(d) + 3*t(d). Calculate x(m).
0
Let o(p) = -3*p**3 + 286*p**2 - 15*p + 18. Let j(r) = r**3 - 108*r**2 + 5*r - 6. Let f(l) = -8*j(l) - 3*o(l). Let k be ((-5)/3)/((-2)/(-6)). Calculate f(k).
-6
Suppose 5*y + 4*z - 5 = 0, 0 = 5*z + 30 - 5. Let d(o) = -o**2 - 2*o + 26. What is d(y)?
-9
Let q(r) = -r**2 + 5*r - 2. Let z(s) = s**2 - 7*s - 8. Suppose -2*g - 1 - 35 = -4*v, -12 = -v + 2*g. Let k be z(v). Suppose k*p = -2*p + 4. Determine q(p).
4
Let l(d) = 5*d**2 + d. Suppose 31*t - 3*t - 1680 = 0. Suppose 65*p - t*p = -10. Determine l(p).
18
Suppose 4*f + 14*u = 92, f - 31*u - 23 = -30*u. Let j(n) = -15*n + 348. Give j(f).
3
Let r = 367 + -365. Let a(x) = -788*x**r + 3 + 767*x**2 - 2. Give a(-1).
-20
Let g(u) = u - 7. Suppose -4*b + 54 = -3*t - 162, -4*b - 3*t + 216 = 0. Let k be (-12)/16 - (-2)/(16/b). Determine g(k).
-1
Suppose 7 = 19*q + 216. Let i(g) = -12*g + 7. Let u(n) be the second derivative of -35*n**3/6 + 10*n**2 + 3*n. Let h(k) = q*i(k) + 4*u(k). What is h(3)?
-21
Let o = -9 + 17. Suppose -3 = -3*i + 3*r, -4*r + 15 = -1. Let x(j) = j**3 + 0*j - 3*j**2 + j - 10 + 0*j + 0*j**3 - i*j**2. Calculate x(o).
-2
Let k(r) = -r**3 - 4*r**2 - 7*r - 1. Let t be k(-2). Suppose 0 = 5*v + t*f + 15, -2*v - 12 = 4*f - 4. Let a be ((-48)/(18/3))/v. Let y(p) = 2*p + 4. Give y(a).
12
Let z(h) = -h + 8. Let r(f) be the third derivative of f**4/12 - f**3/3 - 76*f**2. Let p(q) = 2*r(q) - z(q). Calculate p(4).
8
Let t be (-1)/(3*(-1 + 16/12)). Let w(g) = -5*g**2 - 6*g - 4. Give w(t).
-3
Let l(i) = 12*i**2 - 11*i + 4. Let f(w) = -4*w**2 + 6*w - 3. Let x(r) = 2*r**2 - 5*r + 3. Let n(h) = 4*f(h) + 3*x(h). Let q(o) = -3*l(o) - 4*n(o). What is q(3)?
27
Let k(q) = 6*q**3 - 9*q**2 + 8*q + 9. Let f(b) = -7*b**3 + 9*b**2 - 8*b - 10. Let i(m) = -5*f(m) - 6*k(m). Let v = -94143 + 94151. Determine i(v).
-4
Let x(d) be the third derivative of d**6/120 + d**5/30 - d**4/6 - 5*d**3/6 + d**2 + 164. What is x(-2)?
3
Let h(c) = -2*c**2 + 28*c + 1. Let p(b) = 7*b. Let l(q) = -h(q) + 5*p(q). Let g be 69/(-4) - 3/(-12). Let v = g - -12. Give l(v).
14
Let j(i) = -i**3 + 11*i**2 + 6. Suppose 5*h = -5*z + 20, -2*h + 0*z + 4 = -2*z. Suppose -2*o + 21 = d, 2*d + 5 = h. Calculate j(o).
6
Let o be (-308)/(-49) - (-6)/(-21). Suppose 3*i = -5*h - 0*i + o, 2*h = 2*i + 12. Let z(d) = -2*d + 2. What is z(h)?
-4
Let n(l) = l**2 + l + 1. Let f be n(-4). Suppose -6*x + f = -11. Let r be x*7/4 + 1. Let i(h) = h**2 - 7*h - 6. Calculate i(r).
2
Let h(w) be the first derivative of w**4/4 + 5*w**3/3 + 5*w**2/2 + 3*w - 3329. Determine h(-4).
-1
Let v(f) be the second derivative of f**3/2 - f**2/2 + 4*f - 118. Let d be (-1 - 0) + -6*(-5)/15. Determine v(d).
2
Let w(n) = 5*n**3 - n**2 - n + 2. Let j = -69 - -338. Let y = -268 + j. Calculate w(y).
5
Let y(z) = -5*z**3 + z**2 + z. Let o(u) = -u**3 + 16*u**2 + 15*u + 51. Let h be o(17). Suppose 0 = 12*d - h*d - 5. Determine y(d).
5
Let l(p) = -p**2 + p - 4. Let r = -383 + 385. Suppose -10*v - r = -2. What is l(v)?
-4
Let p(k) = -5*k + 22 + 5 + 0 - 5 - 7. Calculate p(6).
-15
Let a = 4847 - 4845. Let i(l) = 2*l - 7. Give i(a).
-3
Let s = -53 - -75. Suppose 0 = -s*j + 24*j. Let h(r) = -r**2 - r + 8. What is h(j)?
8
Let x(v) = -v**2 + 10*v + 19. Let c be (-2)/((-32)/8 - (-3 + 18/(-22))). Determine x(c).
8
Let n = -109 + 111. Suppose h - g = -3, -n*h - 2 - 4 = -3*g. Let c(a) = 7*a + 2. Calculate c(h).
-19
Let q(j) = j**2 - 4*j - 4. Suppose 0 = -4*d - n + 76, 3*n + 29 + 43 = 3*d. Suppose 0 = -16*i + 28 + d. Give q(i).
-7
Let k(o) = -o**2 + 5*o + 8. Let h(u) be the second derivative of 5*u**3/6 - 53*u**2/2 - 38*u. Let x be h(12). Determine k(x).
-6
Let o(b) = 16*b**3 + 30*b**2 - 9*b - 8. Let r(u) = -7*u**3 - 15*u**2 + 4*u + 4. Let x(w) = 4*o(w) + 9*r(w). What is x(15)?
4
Let l(w) be the third derivative of w**5/120 + 3*w**4/8 - 9*w**3/2 + 3*w**2 + 5*w. Let z(f) be the first derivative of l(f). What is z(-10)?
-1
Let z(v) = 28*v**2 + 21*v - 20. Let l(n) = 41*n**2 + 31*n - 29. Let r(g) = 13*l(g) - 19*z(g). Let m(f) = -f**2 + 1. Let u be m(2). What is r(u)?
0
Let b(o) = 6*o + 72. Let a(l) = 2*l - 1. Let w(r) = -42*a(r) + 3*b(r). Let f be w(4). Let g(z) = z**3 + 6*z**2 + 2*z + 5. Determine g(f).
-7
Let n(p) = 7*p - 15. Suppose -3*m + 46 = -5*z, 4*m - 4*z = 39 + 9. Give n(m).
34
Let i(m) = 3*m**2 + 559*m + 3238. Let z be i(-6). Let q(l) = 2*l**2 + 25*l + 15. Let o(n) = -3*n**2 - 37*n - 23. Let t(s) = -5*o(s) - 7*q(s). Give t(z).
-6
Suppose 16 + 14 = 5*z. Let l(y) be the third derivative of y**6/120 - y**5/10 + y**4/12 + 4*y**3/3 + 7*y**2 + 5. Calculate l(z).
20
Let c(a) be the second derivative of 5/2*a**2 - 1/6*a**3 + 45*a + 0. What is c(0)?
5
Let j(a) = 39 + a - 273 + 291. Determine j(-8).
49
Let h(o) = 10*o**2 - 13*o - 17. Let j(g) = 9*g**2 - 13*g - 16. Let v(p) = -10*h(p) + 11*j(p). Determine v(-5).
34
Let m(c) = 7 - 3*c + 0*c + 2*c**2 - c**2 - 8. What is m(3)?
-1
Suppose -5 - 13 = -6*z. Let u be 2*(2/4 - z)/(-1). Let a(k) = -40*k + 37*k - 1 + u + k**2 + 0. Calculate a(3).
4
Let r = 292 + -107. Let p = r + -187. Let z(v) = -3 - 3*v + 1 + 1. Calculate z(p).
5
Let g(t) be the third derivative of t**6/120 + t**5/6 + 7*t**4/12 - 7*t**3/6 - 5003*t**2. Calculate g(-5).
48
Suppose -2*u - 416 + 384 = 5*l, 2*l = -4*u - 32. Let j(v) = v**2 + 3*v + 8. Determine j(u).
26
Suppose 896 = -49*v + 29*v - 108*v. Let r(x) be the first derivative of -x**3/3 - 9*x**2/2 - 5*x - 10. Calculate r(v).
9
Let m(u) be the third derivative of 1/30*u**5 - 5/6*u**3 - 21*u**2 + 0*u + 1/4*u**4 + 0. Let z(v) = v**3 + 3*v**2 - 4*v - 5. Let h be z(-4). Determine m(h).
15
Let h(z) be the second derivative of z**3/6 - 5*z**2 + z. Let j be (-36)/3*(4 + -3). Let v(f) = -f**2 - 12*f. Let g be v(j). Determine h(g).
-10
Let w(v) = 47*v**2 - 3*v + 2. Let q(j) = j**3 - 24*j**2 + j - 23. Let a be q(24). Calculate w(a).
46
Let u(z) be the second derivative of 0*z**4 - 2 - 1/20*z**5 + 3/2*z**2 + 4*z + 1/3*z**3. Give u(-2).
7
Let v = 21 + -13. Let b(o) = -o**2 - 13*o + 35. Let a be b(-15). Let g(f) = 7*f - 15. Let m(r) = -8*r + 16. Let l(x) = a*m(x) + 6*g(x). Calculate l(v).
6
Let g(z) = z**2 + 28*z + 2. Suppose -69*q + 39*q + 299 = -43*q. What is g(q)?
-113
Let i(n) = -2*n**3 + 12*n**2 + 17*n - 7. Let s be 1/((7 + -6)/7). Calculate i(s).
14
Let h(d) be the first derivative of -d**2/2 - 24*d - 11. Suppose 3*f = 4*b, b = -15*f + 12*f. Give h(f).
-24
Suppose 20*q - 26 = 16*q + j, -5*j = 5*q - 70. Let i(c) = 6*c - 31. What is i(q)?
17
Let p(w) = -w - 4. Let s(o) = 18*o**3 - 2*o**2 + 7*o - 7. Let t(v) = 9*v**3 - v**2 + 3*v - 3. Let c(k) = 3*s(k) - 7*t(k). Let r be c(1). What is p(r)?
4
Let v(n) be the first derivative of 2*n + 0*n**3 + 1/4*n**4 - 3 - 1/2*n**2. Let t(o) = -o**3 - 19*o**2 -